base 14, what is -ca00 + 9?
-c9d5
In base 14, what is 2d295 + -3?
2d292
In base 3, what is 12 + -102202200?
-102202111
In base 11, what is -6 - -32188?
32182
In base 15, what is 151c8 + 3?
151cb
In base 8, what is -31001 - 3?
-31004
In base 11, what is 196167 + -6?
196161
In base 13, what is 248 + -215?
33
In base 3, what is 21121211101 + -11?
21121211020
In base 6, what is -1352 - -321?
-1031
In base 16, what is 3 + -1e0d?
-1e0a
In base 2, what is 10011101000001 + -1100011?
10011011011110
In base 3, what is 10 + 12000001021?
12000001101
In base 12, what is -418 - -576?
15a
In base 9, what is 315 - -1151?
1466
In base 16, what is 4 - 301c4?
-301c0
In base 5, what is -4 + 3414?
3410
In base 8, what is 0 + -37141?
-37141
In base 2, what is 10100000001011 - 1010?
10100000000001
In base 2, what is -111101111 + 100000?
-111001111
In base 7, what is 222164 + -15?
222146
In base 6, what is -1540 - 300?
-2240
In base 4, what is 1033200 - 100?
1033100
In base 16, what is 2f + 3f78?
3fa7
In base 7, what is 10532 + 14?
10546
In base 4, what is 12303100133 - 11?
12303100122
In base 9, what is 3183 + 252?
3445
In base 13, what is -5 - 584c3?
-584c8
In base 16, what is -14 + 3018?
3004
In base 3, what is -10 + -111202121?
-111202201
In base 12, what is -2167 - -a?
-2159
In base 9, what is 121 - -1024?
1145
In base 10, what is 7068 - -19?
7087
In base 5, what is -4 - -13212?
13203
In base 3, what is 1002121 - -12100002?
20102200
In base 9, what is -422 - 157?
-580
In base 9, what is -66 + 354?
277
In base 9, what is 8 - -2477?
2486
In base 14, what is 5 + -43c2c?
-43c27
In base 10, what is -480145 + -5?
-480150
In base 15, what is -52e - -42a?
-104
In base 15, what is 3 + 38ba?
38bd
In base 9, what is 3 - -13314?
13317
In base 3, what is 2101101 + -11?
2101020
In base 8, what is 2 - 74?
-72
In base 8, what is -154 + 3271?
3115
In base 8, what is -4 + 406?
402
In base 5, what is -2413 + -13301?
-21214
In base 9, what is 1 + 6340?
6341
In base 2, what is -1000 - -111101110000100?
111101101111100
In base 2, what is 100 - 1010011111101001?
-1010011111100101
In base 10, what is 31326 - 1?
31325
In base 16, what is 4ca4 - e?
4c96
In base 11, what is -18 - -932?
915
In base 5, what is -4013 - 24?
-4042
In base 12, what is -3 + -1b452?
-1b455
In base 16, what is 1b31 + 12?
1b43
In base 16, what is -46 - 17171?
-171b7
In base 5, what is -3 - -10012043?
10012040
In base 15, what is -121ea - 2?
-121ec
In base 11, what is 2 - -165146?
165148
In base 12, what is 3 + 1494?
1497
In base 13, what is 2242 - 72?
21a0
In base 6, what is 2424132 + -25?
2424103
In base 6, what is -324 + 3415?
3051
In base 9, what is -241046 + 4?
-241042
In base 14, what is 3ddc - 5?
3dd7
In base 13, what is -16b - -98?
-a3
In base 3, what is -200001200112 - 11?
-200001200200
In base 10, what is -78 + -13591?
-13669
In base 5, what is 1 + 244?
300
In base 15, what is -18 - 4a84?
-4a9c
In base 13, what is 1 + -6644?
-6643
In base 7, what is 3364 + -431?
2633
In base 5, what is -400101 - -1?
-400100
In base 16, what is -10f + -31?
-140
In base 10, what is -136 + 2311?
2175
In base 10, what is 464 - 1219?
-755
In base 14, what is 5 + 3d096?
3d09b
In base 2, what is 1000110110 + 11000100?
1011111010
In base 13, what is 1 - -15b137?
15b138
In base 15, what is -10a7 - -c5?
-ed2
In base 11, what is 1 + 32427?
32428
In base 12, what is 1 + 983?
984
In base 16, what is 23 + b68?
b8b
In base 15, what is -190b - -c2?
-1839
In base 9, what is -1416 + -1286?
-2713
In base 13, what is 71a0 + -4?
7199
In base 6, what is 5 - -545425?
545434
In base 14, what is 0 - 14cad1?
-14cad1
In base 3, what is -222101 + 1221?
-220110
In base 5, what is 241033024 - -4?
241033033
In base 3, what is -10120220 + 22?
-10120121
In base 13, what is -5 + -10bc?
-10c4
In base 14, what is db7 - -46?
101d
In base 14, what is -24b6 - d?
-24c5
In base 12, what is 102b7 + 0?
102b7
In base 15, what is d5 + -2a31?
-294b
In base 7, what is -1351205 - 5?
-1351213
In base 13, what is -1 - 3b112?
-3b113
In base 16, what is a - -df1?
dfb
In base 8, what is 307 + -414?
-105
In base 5, what is 21 - -2144400?
2144421
In base 12, what is 4069 - -5?
4072
In base 3, what is 10022222 - -12?
10100011
In base 5, what is 123134 - -21?
123210
In base 3, what is -120 + 111100121?
111100001
In base 4, what is -31003 + -2112?
-33121
In base 2, what is 101011 - -100110011111101101?
100110100000011000
In base 4, what is -200 - 23122?
-23322
In base 9, what is -1414 + 1334?
-70
In base 5, what is -420302 + 0?
-420302
In base 15, what is -425 - 7?
-42c
In base 4, what is -3203 - 31321?
-101130
In base 3, what is -12021 - 10121110?
-10210201
In base 14, what is 11 - -124cc?
124dd
In base 12, what is -2 + -84b?
-851
In base 4, what is -13120 + 21?
-13033
In base 4, what is -2 - -11322230?
11322222
In base 16, what is -602ac - 2?
-602ae
In base 11, what is 9a + 5086?
5175
In base 7, what is 0 - -141315?
141315
In base 10, what is 449 + 138?
587
In base 8, what is -4 + 144302?
144276
In base 10, what is -32 + -162925?
-162957
In base 3, what is 110020121 + -10?
110020111
In base 8, what is -3 + 1346574?
1346571
In base 9, what is 213 + 330?
543
In base 9, what is -4461 - -1235?
-3225
In base 7, what is 21315 + -1?
21314
In base 16, what is 0 + 30db1?
30db1
In base 6, what is 23002214 + 5?
23002223
In base 15, what is -21b9 - 12?
-21cb
In base 6, what is -2310504 + 3?
-2310501
In base 11, what is 38510 - 39?
38482
In base 3, what is 1111 - -2020?
10201
In base 6, what is 21 + 32200?
32221
In base 3, what is 10202122120 + -12?
10202122101
In base 15, what is 6400e + -6?
64008
In base 10, what is -4 + -1882?
-1886
In base 9, what is -505 - 36?
-542
In base 16, what is 2879 - 8?
2871
In base 8, what is -3 + -3250601?
-3250604
In base 13, what is -3075a - 0?
-3075a
In base 6, what is 5 - -2050505?
2050514
In base 12, what is -1035 + -b0?
-1125
In base 11, what is 0 - -308888?
308888
In base 15, what is 856a17 - 1?
856a16
In base 11, what is -38022 - 46?
-38068
In base 3, what is 12011 + -11212?
22
In base 9, what is -517 + -22?
-540
In base 14, what is -5 + 137362?
13735b
In base 11, what is 1511 - 17?
14a5
In base 3, what is 1002111 - 10021?
222020
In base 9, what is -4 + -36273?
-36277
In base 11, what is -1689 - 54?
-1732
In base 6, what is 1 - -251501?
251502
In base 3, what is 11 - 201200212?
-201200201
In base 6, what is -4153 - 52?
-4245
In base 13, what is -6 - -8367?
8361
In base 16, what is 1e0 - 26?
1ba
In base 8, what is -35722 + 32?
-35670
In base 4, what is 3313102 - -10?
3313112
In base 5, what is -4012233 - 10?
-4012243
In base 10, what is -272 + 308?
36
In base 4, what is 20 + 33230333?
33231013
In base 7, what is -13413 + -3300?
-20013
In base 2, what is 10011111100 + -101010?
10011010010
In base 6, what is -3531310 - 2?
-3531312
In base 12, what is -157a + 1?
-1579
In base 13, what is -4 + -38604?
-38608
In base 4, what is -11 + 101323313?
101323302
In base 4, what is -3 - -1001303232?
1001303223
In base 8, what is -127 + -2150?
-2277
In base 12, what is -9b + -26b?
-34a
In base 7, what is 3 + 135?
141
In base 9, what is -4 - 17323?
-17327
In base 15, what is 83 + 112e?
11b2
In base 13, what is -4c4 - -8?
-4b9
In base 3, what is -1001001212112 - 1?
-1001001212120
In base 9, what is -31308 + 20?
-31278
In base 14, what is 16ad + -19?
1694
In base 9, what is 108 + 1378?
1487
In base 8, what is 17763 - -20?
20003
In base 3, what is -112111021 - 0?
-112111021
In base 13, what is -18c + 183c?
1680
In base 14, what is 193 + 448?
5db
In base 9, what is -315 + -13?
-328
In base 15, what is -4b90 + 4?
-4b8b
In base 16, what is -2 - -b1a2?
b1a0
In base 7, what is 140 - -26?
166
In base 14, what is 3a - -115?
151
In base 13, what is ca + -2ab?
-1b1
In base 11, what is -27a5 + 3?
-27a2
In base 14, what is -b8205 + 5?
-b8200
In base 12, what is 0 + 1014?
1014
In base 15, what is 1 + -3b6?
-3b5
In base 14, what is 213 - -24?
237
In base 12, what is -2 - 290195?
-290197
In base 5, what is 24 - -110344?
110423
In base 13, what is 8 + -35bb6?
-35bab
In base 10, what is 95967 - -38?
96005
In base 14, what is -1 - -22bc8?
22bc7
In base 9, what is 1 + -18757?
-18756
In base 10, what is -265215 - 15?
-265230
In base 3, what is -1120 + -101120211?
-101122101
In base 2,